 what is 282 + 0?
282
In base 9, what is -4 + -2330?
-2334
In base 15, what is -47 - -8?
-3e
In base 4, what is -2 - 12012?
-12020
In base 16, what is -f - -5?
-a
In base 3, what is -12 + 102?
20
In base 14, what is -1d2 + 4?
-1cc
In base 15, what is -57a + 3?
-577
In base 9, what is -1 + 7?
6
In base 16, what is -28 - 5?
-2d
In base 6, what is 2 + -115?
-113
In base 12, what is -5 - a29?
-a32
In base 13, what is 5 + -316?
-311
In base 10, what is -121 + 1?
-120
In base 9, what is -158 + -40?
-208
In base 16, what is -62 + 5?
-5d
In base 3, what is 11 + -2220222?
-2220211
In base 11, what is -3 - 17?
-1a
In base 7, what is -5 - 64?
-102
In base 15, what is 12 + 2cc?
2de
In base 11, what is 275 + 2?
277
In base 13, what is 4b - -4?
52
In base 7, what is -4 - -15?
11
In base 11, what is -8 - 33?
-40
In base 2, what is -1 - -101111?
101110
In base 16, what is 3 - -3d?
40
In base 8, what is -11 + -1015?
-1026
In base 11, what is 211 - -a?
220
In base 11, what is 175 - 6?
16a
In base 10, what is -921 - -5?
-916
In base 8, what is -327 + 3?
-324
In base 12, what is 0 + -47?
-47
In base 15, what is -1 - 8b?
-8c
In base 15, what is -2 + -2e?
-31
In base 4, what is -122 - -13?
-103
In base 8, what is -2751 - 5?
-2756
In base 13, what is 2 - 141?
-13c
In base 2, what is 111 - -110011011?
110100010
In base 6, what is 140 - -10?
150
In base 16, what is -343 - -4?
-33f
In base 11, what is 1 - -1608?
1609
In base 9, what is 120 + -101?
18
In base 16, what is -32e + -1?
-32f
In base 15, what is e9d + 0?
e9d
In base 16, what is -2 - -5f1?
5ef
In base 10, what is -97 - 17?
-114
In base 5, what is -12244 - 2?
-12301
In base 7, what is -122 + 14?
-105
In base 10, what is 398 + -3?
395
In base 4, what is 11 + 20131?
20202
In base 14, what is 12 + a6?
b8
In base 8, what is -1 + 5103?
5102
In base 8, what is -1 - 162?
-163
In base 10, what is 0 + 231?
231
In base 11, what is 286 + -4?
282
In base 7, what is 0 + -1600?
-1600
In base 5, what is 1144 - 3?
1141
In base 14, what is -20 - 4?
-24
In base 2, what is 10110 - 100010000?
-11111010
In base 15, what is 121 + 3?
124
In base 16, what is 98 + -4?
94
In base 13, what is 75 + 52?
c7
In base 11, what is -5 - -34a2?
3498
In base 8, what is 1663 + 4?
1667
In base 7, what is 6 - 2436?
-2430
In base 7, what is -132 - -155?
23
In base 8, what is -12 - 7?
-21
In base 7, what is -1251 - 2?
-1253
In base 4, what is -1 + 10320?
10313
In base 11, what is 118 + 1?
119
In base 12, what is 4 + 7?
b
In base 13, what is 5 - -149?
151
In base 16, what is 9 - 97?
-8e
In base 8, what is -123 + 1?
-122
In base 14, what is -1 + 25b?
25a
In base 7, what is 264 - -1?
265
In base 6, what is -1 + 1023?
1022
In base 10, what is 4 - -746?
750
In base 6, what is 0 + 100?
100
In base 7, what is 4 + 234?
241
In base 14, what is -36a + 0?
-36a
In base 8, what is -3 - 4556?
-4561
In base 16, what is -2 + -10b?
-10d
In base 12, what is -3 + 78?
75
In base 5, what is -11 + 21024?
21013
In base 9, what is 45 + -101?
-45
In base 14, what is 2a0 - 5?
299
In base 8, what is 1012 - 0?
1012
In base 13, what is 41b - 2?
419
In base 9, what is 5 - -105?
111
In base 4, what is -3003 - -120?
-2223
In base 13, what is 5 - 63?
-5b
In base 3, what is 10 + 12100?
12110
In base 12, what is -28 - -2?
-26
In base 7, what is -22 - -412?
360
In base 5, what is -14 - -204?
140
In base 16, what is 3 + -64?
-61
In base 13, what is -23c + 3?
-239
In base 5, what is -144 - 20?
-214
In base 9, what is 2203 + 1?
2204
In base 11, what is -4 - 52?
-56
In base 15, what is 9 + a72?
a7b
In base 2, what is 100 - -101111000010?
101111000110
In base 8, what is 66 - -7?
75
In base 3, what is -222 - -101?
-121
In base 16, what is -4 - 20b?
-20f
In base 2, what is 100 - 1101000?
-1100100
In base 16, what is -3c + 4?
-38
In base 15, what is -11d + -3?
-121
In base 10, what is 2 - 31?
-29
In base 2, what is 1000 + -1111?
-111
In base 6, what is 0 + -224?
-224
In base 4, what is -331 + -3?
-1000
In base 10, what is -114 + 5?
-109
In base 12, what is -5b - 3a?
-99
In base 11, what is 1 + 18?
19
In base 13, what is 5 - -c3?
c8
In base 6, what is -114 - 50?
-204
In base 10, what is -11 - 1?
-12
In base 6, what is -1 - 123?
-124
In base 15, what is 24be - -5?
24c4
In base 9, what is -20 + -505?
-525
In base 7, what is 0 - 1016?
-1016
In base 10, what is -11 - -3?
-8
In base 4, what is -2 + -3112?
-3120
In base 7, what is 3 - 440?
-434
In base 6, what is -3 - 1543?
-1550
In base 8, what is 2 + -2136?
-2134
In base 13, what is -95 - 5?
-9a
In base 14, what is 30 + 2?
32
In base 11, what is -22 - -5?
-18
In base 13, what is -4b - -90?
42
In base 10, what is -841 + 2?
-839
In base 14, what is 2 + 35?
37
In base 4, what is 233 + 0?
233
In base 10, what is 333 + -4?
329
In base 3, what is -10 + 11122220?
11122210
In base 15, what is 4 + -85?
-81
In base 5, what is -1 - -14?
13
In base 2, what is 101 + 100111?
101100
In base 12, what is -1 + 3b4?
3b3
In base 6, what is 1110 - 5?
1101
In base 4, what is -23 + 1001?
312
In base 4, what is -31 - -3?
-22
In base 15, what is 11 + 50?
61
In base 16, what is -2a83 - -2?
-2a81
In base 8, what is 4 + 2543?
2547
In base 5, what is -4 - -212333?
212324
In base 9, what is 25 + 0?
25
In base 14, what is -1 - 333?
-334
In base 3, what is 11200002 + -12?
11122220
In base 9, what is -480 + 36?
-443
In base 13, what is 3 - 22?
-1c
In base 16, what is 0 + -bb?
-bb
In base 2, what is 111101100 - 10000?
111011100
In base 10, what is 489 + 2?
491
In base 7, what is 1335 - -1?
1336
In base 8, what is 13522 + 5?
13527
In base 16, what is -14c + 2?
-14a
In base 12, what is -127 - -1?
-126
In base 13, what is 167 + 3?
16a
In base 11, what is -1 - 27?
-28
In base 3, what is 10202 + -12?
10120
In base 4, what is -2101 + 110?
-1331
In base 8, what is -6 + -24?
-32
In base 11, what is -5 - 28a?
-294
In base 9, what is 17 - -532?
550
In base 8, what is -73 + -2?
-75
In base 15, what is 0 + -763?
-763
In base 14, what is 20 - -16b?
18b
In base 3, what is -111101 - 2?
-111110
In base 13, what is -4 + 2?
-2
In base 15, what is 2d - 0?
2d
In base 8, what is 11 + -3413?
-3402
In base 7, what is -11252 - -4?
-11245
In base 5, what is 100332 + -4?
100323
In base 3, what is -10 - 20221?
-21001
In base 12, what is 126a - 8?
1262
In base 3, what is 20110121 + -12?
20110102
In base 6, what is -2100 - -3?
-2053
In base 9, what is 207 - -5?
213
In base 15, what is -4a0 + 2?
-49d
In base 6, what is 2 + -52?
-50
In base 5, what is -43 - -1?
-42
In base 15, what is -2d + -5c?
-8a
In base 15, what is -5 - 72d?
-733
In base 15, what is 0 + -9?
-9
In base 13, what is 27 - 3?
24
In base 10, what is -1 + 469?
468
In base 13, what is -20 + b?
-12
In base 6, what is 5 - 15300?
-15251
In base 6, what is -3 - -1400?
1353
In base 10, what is -174 + -4?
-178
In base 3, what is 21 + -212222?
-212201
In base 16, what is -7ef - 8?
-7f7
In base 12, what is -1 + 13?
12
In base 4, what is -1311 - -102?
-1203
In base 10, what is -100 + -259?
-359
In base 10, what is -2 - 10?
-12
In base 6, what is 12 - 13?
-1
In base 4, what is -100030 + -1?
-100031
In base 3, what is 120200 + 11?
120211
In base 16, what is -31 - -4?
-2d
In base 10, what is -3023 - 3?
-3026
In base 9, what is -1 + 135?
134
In base 3, what is -1 + 122?
121
In base 6, what is -3 + -323?
-330
In base 16, what is -34 + -4?
-38
In base 14, what is -d + 2?
-b
In base 14, what is -d + 5?
-8
In base 13, what is -6 - 188?
-191
In base 13, what is -39a - -5?
-395
In base 4, what is -11 - 3323?
-10000
In base 6, what is 101202 - 2?
101200
In base 15, what is -6 - -c4?
bd
In base 7, what is -1362 + 11?
-1351
In base 13, what is 406 - 2?
404
In base 16, what is -3 + 14a8?
14a5
In base 16, what is -9 + -185?
-18e
In base 7, what is 1505 + 1?
1506
In base 11, what is -4 + -6a?
-73
In base 15, what is 61de + -1?
61dd
In base 15, what is -4 + b7?
b3
In base 16, what is -3f + 1?
-3e
In base 9, what is 1246 - -1?
1247
In base 10, what is -420 - 8?
-428
In base 5, what is -1 + -34411?
-34412
In base 5, what is 12 + 32?
44
In base 7, what is 2160 + -1?
2156
In base 2, what is 10000 + 1100011?
1110011
In base 9, what is -5 - -2146?
2141
In base 11, what is -864 - -4?
-860
In base 6, what is -530520 + -3?
-530523
In base 6, what is 2 + 120?
122
In base 15, what i